{"version":"1.0","provider_name":"Puntodincontro","provider_url":"https:\/\/puntodincontro.mx\/es","author_name":"Puntodincontro","author_url":"https:\/\/puntodincontro.mx\/es\/author\/puntodincontro\/","title":"\u00c8 morto il cantante messicano Vicente Fern\u00e1ndez","type":"rich","width":600,"height":338,"html":"<blockquote class=\"wp-embedded-content\" data-secret=\"83rIH91e3S\"><a href=\"https:\/\/puntodincontro.mx\/es\/2021\/12\/12\/e-morto-il-cantante-messicano-vicente-fernandez\/\">Muri\u00f3 el cantante mexicano Vicente Fern\u00e1ndez<\/a><\/blockquote><iframe sandbox=\"allow-scripts\" security=\"restricted\" src=\"https:\/\/puntodincontro.mx\/es\/2021\/12\/12\/e-morto-il-cantante-messicano-vicente-fernandez\/embed\/#?secret=83rIH91e3S\" width=\"600\" height=\"338\" title=\"&#8220;\u00c8 morto il cantante messicano Vicente Fern\u00e1ndez&#8221; &#8212; Puntodincontro\" data-secret=\"83rIH91e3S\" frameborder=\"0\" marginwidth=\"0\" marginheight=\"0\" scrolling=\"no\" class=\"wp-embedded-content\"><\/iframe><script type=\"text\/javascript\">\n\/* <![CDATA[ *\/\n\/*! This file is auto-generated *\/\n!function(d,l){\"use strict\";l.querySelector&&d.addEventListener&&\"undefined\"!=typeof URL&&(d.wp=d.wp||{},d.wp.receiveEmbedMessage||(d.wp.receiveEmbedMessage=function(e){var t=e.data;if((t||t.secret||t.message||t.value)&&!\/[^a-zA-Z0-9]\/.test(t.secret)){for(var s,r,n,a=l.querySelectorAll('iframe[data-secret=\"'+t.secret+'\"]'),o=l.querySelectorAll('blockquote[data-secret=\"'+t.secret+'\"]'),c=new RegExp(\"^https?:$\",\"i\"),i=0;i<o.length;i++)o[i].style.display=\"none\";for(i=0;i<a.length;i++)s=a[i],e.source===s.contentWindow&&(s.removeAttribute(\"style\"),\"height\"===t.message?(1e3<(r=parseInt(t.value,10))?r=1e3:~~r<200&&(r=200),s.height=r):\"link\"===t.message&&(r=new URL(s.getAttribute(\"src\")),n=new URL(t.value),c.test(n.protocol))&&n.host===r.host&&l.activeElement===s&&(d.top.location.href=t.value))}},d.addEventListener(\"message\",d.wp.receiveEmbedMessage,!1),l.addEventListener(\"DOMContentLoaded\",function(){for(var e,t,s=l.querySelectorAll(\"iframe.wp-embedded-content\"),r=0;r<s.length;r++)(t=(e=s[r]).getAttribute(\"data-secret\"))||(t=Math.random().toString(36).substring(2,12),e.src+=\"#?secret=\"+t,e.setAttribute(\"data-secret\",t)),e.contentWindow.postMessage({message:\"ready\",secret:t},\"*\")},!1)))}(window,document);\n\/* ]]> *\/\n<\/script>","thumbnail_url":"https:\/\/puntodincontro.mx\/wp-content\/uploads\/2021\/12\/mortovicentefernandezvert.webp","thumbnail_width":423,"thumbnail_height":488,"description":"Vicente Fern\u00e1ndez, icona della musica ranchera messicana, \u00e8 morto all'et\u00e0 di 81 anni. Era ricoverato in una clinica di Guadalajara da agosto, dopo aver subito una caduta accidentale che gli aveva provocato un trauma alla colonna vertebrale."}

È morto il cantante messicano Vicente Fernández

<blockquote class="wp-embedded-content" data-secret="83rIH91e3S"><a href="https://puntodincontro.mx/es/2021/12/12/e-morto-il-cantante-messicano-vicente-fernandez/">Murió el cantante mexicano Vicente Fernández</a></blockquote><iframe sandbox="allow-scripts" security="restricted" src="https://puntodincontro.mx/es/2021/12/12/e-morto-il-cantante-messicano-vicente-fernandez/embed/#?secret=83rIH91e3S" width="600" height="338" title="&#8220;È morto il cantante messicano Vicente Fernández&#8221; &#8212; Puntodincontro" data-secret="83rIH91e3S" frameborder="0" marginwidth="0" marginheight="0" scrolling="no" class="wp-embedded-content"></iframe><script type="text/javascript">
/* <![CDATA[ */
/*! This file is auto-generated */
!function(d,l){"use strict";l.querySelector&&d.addEventListener&&"undefined"!=typeof URL&&(d.wp=d.wp||{},d.wp.receiveEmbedMessage||(d.wp.receiveEmbedMessage=function(e){var t=e.data;if((t||t.secret||t.message||t.value)&&!/[^a-zA-Z0-9]/.test(t.secret)){for(var s,r,n,a=l.querySelectorAll('iframe[data-secret="'+t.secret+'"]'),o=l.querySelectorAll('blockquote[data-secret="'+t.secret+'"]'),c=new RegExp("^https?:$","i"),i=0;i<o.length;i++)o[i].style.display="none";for(i=0;i<a.length;i++)s=a[i],e.source===s.contentWindow&&(s.removeAttribute("style"),"height"===t.message?(1e3<(r=parseInt(t.value,10))?r=1e3:~~r<200&&(r=200),s.height=r):"link"===t.message&&(r=new URL(s.getAttribute("src")),n=new URL(t.value),c.test(n.protocol))&&n.host===r.host&&l.activeElement===s&&(d.top.location.href=t.value))}},d.addEventListener("message",d.wp.receiveEmbedMessage,!1),l.addEventListener("DOMContentLoaded",function(){for(var e,t,s=l.querySelectorAll("iframe.wp-embedded-content"),r=0;r<s.length;r++)(t=(e=s[r]).getAttribute("data-secret"))||(t=Math.random().toString(36).substring(2,12),e.src+="#?secret="+t,e.setAttribute("data-secret",t)),e.contentWindow.postMessage({message:"ready",secret:t},"*")},!1)))}(window,document);
/* ]]> */
</script>

Vicente Fernández, icona della musica ranchera messicana, è morto all'età di 81 anni. Era ricoverato in una clinica di Guadalajara da agosto, dopo aver subito una caduta accidentale che gli aveva provocato un trauma alla colonna vertebrale.
